rue
Is ((-1)/((-20)/(-1310910)) + -8)*-2 prime?
False
Let c = -7480 - -4141. Let b = c - -6710. Is b a prime number?
True
Let l = -38 - -32. Let x(s) = s**3 + 7*s**2 + 5*s - 7. Let c be x(l). Is c/((5 + -4)/(-191)) composite?
False
Suppose -875*y + 878*y + 3*v - 8997 = 0, -2*y = -5*v - 5998. Is y prime?
True
Let m be (-1 - -7) + 2 - 3/1. Suppose -q + 3 - 7 = 4*v, -5 = -4*q + m*v. Suppose 11*z - 291 - 116 = q. Is z a prime number?
True
Suppose -1367*f + 1376*f - 32787 = 0. Is f a composite number?
False
Let r = 147 - 145. Suppose -r*v - 5 = -183. Is v prime?
True
Suppose 0 = -4*p - 11 + 27. Suppose -5*c + 0*c + 10 = 0. Suppose 4*k - 4026 = c*x + 3*x, -p*k = -4*x - 4028. Is k a prime number?
True
Let z = -229 + 224. Suppose 6*n = n + 140. Let r = n - z. Is r a prime number?
False
Suppose -1787591 = -124*o + 105*o + 859470. Is o composite?
True
Let s = -54284 - -500053. Is s composite?
False
Suppose 0 = -2*z - 4*d - 36620, 0 = -2*z + 4*d - 0*d - 36604. Let k = z + 57957. Is k a composite number?
True
Suppose 28994 = -5*k + 12*k. Suppose 6897 = y + 3*f, -7*f - 27652 = -4*y - 3*f. Suppose 5*n = 4*v + y, 0*n + v - k = -3*n. Is n composite?
False
Suppose 0 = -4*k + 2*t + 4, t + 5 = 4*k - 3. Suppose 2*a = 4*o - 4, -7*a + k*a + 25 = 3*o. Suppose 299 = 3*l - m - a*m, 0 = m + 4. Is l prime?
False
Let d(p) = 23 - 38 + 684*p + 51 + 36 - 11. Is d(12) prime?
True
Let l be -5*3/(-20)*12. Suppose -l*j = -5*j - 2732. Is j prime?
True
Let c(a) = 61*a**2 + 12*a - 42. Let d be c(5). Let i = d - -850. Is i a composite number?
False
Let u(s) = -916*s + 7. Let v be u(6). Let f = -3149 - v. Suppose 4*b - f = -688. Is b a prime number?
False
Let d = -19 - -21. Let f(n) = 355*n + 4. Let t(v) = -1065*v - 13. Let w(m) = d*t(m) + 7*f(m). Is w(3) a prime number?
False
Let o = -6070 + 16147. Is (o/(-2))/((-84)/56) a composite number?
False
Let k(g) = 16 + 5*g**2 + 4*g**2 - 3*g - 86. Let j(h) = 5*h**2 - h - 35. Let m(y) = 11*j(y) - 6*k(y). Is m(-24) a composite number?
False
Let c be 6/1 - -1 - 4. Suppose 3*t = -2*a + 18, -4*a + 4 = -c*t + t. Suppose 534 = -a*f + 1767. Is f a composite number?
True
Suppose 0 = -w - 3*j + 82 + 1787, 0 = 5*w + 4*j - 9334. Suppose -2*b = -2*c - 744 - w, 2*c - 6546 = -5*b. Suppose 1547 + b = 5*p. Is p a prime number?
True
Let k(t) = 5*t**3 - 12*t**2 + 12*t + 7. Let f be k(7). Let u = -631 + f. Is u a prime number?
True
Let p(g) = 8*g**3 - 6*g**2 + 3*g + 8. Let k be p(3). Suppose 0 = 2*v - k - 2279. Suppose -5*j = -v - 2526. Is j prime?
True
Suppose 4*o - 4 = 0, -3*r - 3*o - 12 = -8*r. Suppose -4*s + r*s + 6521 = 0. Is s a prime number?
True
Let r = 933354 + -523745. Is r composite?
False
Let s = -883718 + 2805103. Is s prime?
False
Suppose 184*d + 66330 = 2*s + 188*d, 33161 = s + 4*d. Is s a composite number?
True
Suppose 51*u = 71*u - 40. Suppose 2*n - 1023 - 1139 = 0. Suppose -z - n = -u*a, -4*a = z - 471 - 1694. Is a a composite number?
False
Suppose -110*d = -114*d + 924. Let c = d - -68. Is c a composite number?
True
Is (-4970533)/(-152) - (-1 - 28/(-32)) prime?
False
Suppose 4*b - 2*h = 5*b, -b - 2 = 3*h. Suppose 2*z - 26 = -5*x, 0 = -b*z + 3*x - x + 76. Suppose 5*d - z*d + 767 = 0. Is d a prime number?
True
Suppose 3*g - 4*s = -35, -24 = 2*g - 0*s - 2*s. Let v = g - -16. Suppose 5*q + 4*j - 2730 = -483, 3*j + 1332 = v*q. Is q composite?
True
Is (1 - 9/11) + 160549971/913 prime?
False
Suppose 0 = -b + 5*h + 47630 + 899016, 4*b - 3786629 = 5*h. Is b prime?
True
Suppose -4*v + 270674 = p - 47581, 318261 = p - 2*v. Is p prime?
True
Let x(j) = -627*j + 16. Let t = -24 - -35. Suppose t = 8*a + 51. Is x(a) composite?
True
Suppose 2*d + 747 = 107. Let j be (d/2)/(-1) - -4. Suppose 7*b - j = 18. Is b a composite number?
True
Suppose 31380 = -28*j - 16976. Let u = 4000 + -736. Let d = j + u. Is d composite?
True
Let c(d) = -3*d**2 + d. Let y(z) = 23*z**2 - 37*z - 15. Let l(q) = -2*c(q) + y(q). Is l(22) prime?
True
Let c(r) = -160*r - 209. Let u be c(-6). Suppose 4*t = 2*m + u - 4005, -2*m - 3*t = -3289. Is m composite?
False
Let x = 67353 + -41440. Is x a composite number?
False
Let b = 4210016 - 2823007. Is b a prime number?
False
Let s(v) = v**3 + 3*v**2 + 4. Let m be s(-3). Is ((-15)/20 - m)*-428 prime?
False
Let j(x) = 2*x + x**2 - x**3 + 0*x**3 + 751 - 92. Suppose 0 = 4*l - 3*l. Is j(l) a prime number?
True
Let u = -263 - -267. Suppose -8*z + 13943 = -1489. Suppose k - 2*g - z = 0, -u*g + 9659 = 2*k + 3*k. Is k composite?
False
Let i = 45 + -48. Let q be (4 - i)/7 - 216/(-2). Let u = 1108 + q. Is u composite?
False
Let h(n) = -n**3 - 11*n**2 - 2*n - 16. Let d be h(-11). Let q(y) = -y + 1436. Let i be q(0). Is i/d - 12/36 composite?
False
Let b be -5 - 42/(-7) - -8120. Let a = b - -532. Is a composite?
True
Let c be 10 + 0/((8/4)/1). Let r = -8 + c. Suppose 2*v = 2*k + 298, 0*v + r*k = 4*v - 596. Is v a prime number?
True
Let q = -17785 - -44972. Is q a prime number?
False
Is -33 + (-3833064)/(-84) - 2/(-7) composite?
False
Suppose 7*w = 15*w - 32. Let g(z) = 468*z - 11. Is g(w) prime?
True
Let n = 33594 + 1823. Is n a composite number?
True
Suppose 0 = -10*r - 43*r - 47*r + 27581500. Is r composite?
True
Let r(a) = -a**3 - 6*a**2 + 4*a - 5. Let t be r(-7). Let p = 98 - 89. Let g = p + t. Is g prime?
False
Is (0 + (-15)/30)/((-2)/1313444) prime?
False
Is (2856601/(-30) + (-687)/2290)*(-4 - -1) a composite number?
False
Let o = 109 - 106. Let y(p) = 697*p**3 - 9 - 758*p**o - 7*p + 2*p**2 - 3*p**2. Is y(-4) composite?
False
Suppose -9564320 = -56*g + 5500968. Is g prime?
True
Let x be 1/(-2)*(4 - (788 - 2)). Suppose -378*q = -x*q + 22243. Is q composite?
True
Let b(h) = 97268*h - 1237. Is b(2) a prime number?
False
Suppose -188*z + 101*z = -75202887. Is z composite?
True
Suppose -165535 - 289498 = -3*j - 2*g, 2*j - 303348 = -5*g. Is j a composite number?
True
Let l be -2*14/4*(-4)/7. Suppose l*g - 327 - 229 = 0. Is g prime?
True
Suppose 49*z - 71*z = -41*z + 2427991. Is z a composite number?
True
Let c(w) = 3912*w + 485. Let q be c(11). Suppose -24*b = -q - 83659. Is b a composite number?
True
Suppose 8*y + 0*y = 1080. Suppose y = -2*w + 1571. Suppose -n + 3*m + w = 0, m - 422 = -n + 284. Is n a prime number?
True
Let c be 249*-4 + 60/(-15). Suppose t + a + a = 1461, 3*t = -a + 4408. Let y = t + c. Is y prime?
False
Let x = -65 - -174. Suppose -z + 442 = x. Suppose -t - 2*i = -7*i - z, 2*t = 5*i + 656. Is t a composite number?
True
Suppose -5*a - 47 = z + 21, 0 = -2*a + 8. Let l = -2101 + 3244. Let s = l + z. Is s a composite number?
True
Let v be ((-6)/(-8))/((-3)/(-20)). Suppose 5*k = -v*m + 7940, -m + 2*m = -2. Suppose 5 = -d, k = 5*y - 7*d + 3*d. Is y a prime number?
False
Let k(z) = 1388*z**2 - 82*z + 47. Is k(6) a composite number?
False
Let d(t) = 9104*t**3 - t**2 + 2*t - 2. Suppose 908*m + 6 = 914*m. Is d(m) a composite number?
False
Suppose 4*h + 67723 = 5*s, s - 455*h + 450*h - 13553 = 0. Is s a composite number?
True
Suppose 27*p + 1045959 = 29*p - 3*h, 7*p = -2*h + 3660919. Is p a prime number?
False
Let o(n) = 17*n + 201. Let g be o(-12). Is 2 - (-109 + g + -5) composite?
True
Let t(c) = 6069*c - 1222. Is t(9) prime?
False
Let v(o) = -12 + 31*o - 33*o - 4. Let x be v(-9). Is (-2 - (x + -406)) + 5 composite?
True
Suppose 4*a - 783345 = -q + 22622, -4*q - 5*a = -3223934. Is q a prime number?
True
Let c(f) be the first derivative of 3*f**4 + f**3 - f**2 + 15. Let o be c(2). Let x = -33 + o. Is x prime?
True
Let r be (-5864386)/(-121)*((-3)/2)/(-3). Suppose -39*g - r = -50*g. Is g prime?
True
Suppose -116*b = -91*b - 1201825. Is b prime?
True
Suppose -2*x = 2*p - 1 + 3, 4*p + 2*x = 2. Is 316*((-58)/(-8) + p) a prime number?
False
Let z = 2258 - 170. Suppose -9*v + z = -5301. Is v a composite number?
False
Let x = 519 - -7700. Let d = -4902 - -954. Let z = x + d. Is z prime?
True
Suppose 0 = 59*y - 5377092 - 1836661. Is y composite?
False
Suppose 1064 = m - 151. Suppose -30 = -5*v + 10. Is 0 + (m - v/4) a composite number?
False
Let u(d) = -4*d**2 + 25*d - 9. Let v be u(7). Let t = 985 + v. Is t a composite number?
True
Let o(a) = -22*a**2 + 3*a. Let g be o(1). Is (4/6*-3)/(2/g) composite?
False
Suppose 0 = 3*m - 2*o - 602677, o = m - 170003 - 30890. Is m prime?
True
Let s(r) be the first derivative of r**6/360 - r**5/30 + 1399*r**4/2